, 37
What are the prime factors of 599964?
2, 3, 17, 173
List the prime factors of 4907970.
2, 3, 5, 23, 2371
List the prime factors of 32650186.
2, 41, 439, 907
List the prime factors of 160644.
2, 3, 11, 1217
What are the prime factors of 118370?
2, 5, 7, 19, 89
List the prime factors of 10167245.
5, 11, 184859
List the prime factors of 7943936.
2, 7, 11, 13, 31
List the prime factors of 898846.
2, 13, 181, 191
List the prime factors of 2207527.
7, 315361
What are the prime factors of 32858987?
7, 4694141
List the prime factors of 1018179.
3, 113131
List the prime factors of 604198.
2, 7, 103, 419
What are the prime factors of 99467?
17, 5851
What are the prime factors of 719494?
2, 359747
What are the prime factors of 278167?
43, 6469
List the prime factors of 11708.
2, 2927
What are the prime factors of 911015?
5, 7, 26029
List the prime factors of 6212497.
17, 365441
What are the prime factors of 568089?
3, 17, 47, 79
List the prime factors of 22536889.
22536889
List the prime factors of 221742.
2, 3, 97, 127
What are the prime factors of 447474?
2, 3, 17, 41, 107
List the prime factors of 120101.
83, 1447
List the prime factors of 21844770.
2, 3, 5, 31, 83, 283
List the prime factors of 287558.
2, 143779
What are the prime factors of 540198?
2, 3, 30011
What are the prime factors of 8780415?
3, 5, 7, 17, 4919
What are the prime factors of 572883?
3, 17, 47, 239
List the prime factors of 590563.
17, 34739
What are the prime factors of 508550?
2, 5, 7, 1453
What are the prime factors of 171471?
3, 61, 937
List the prime factors of 18599840.
2, 5, 7, 16607
What are the prime factors of 2413566?
2, 3, 134087
What are the prime factors of 807997?
807997
What are the prime factors of 909784?
2, 113723
What are the prime factors of 279735?
3, 5, 17, 1097
What are the prime factors of 386045?
5, 11, 7019
What are the prime factors of 735544?
2, 91943
What are the prime factors of 122562?
2, 3, 11, 619
What are the prime factors of 254429?
7, 19, 1913
What are the prime factors of 12782178?
2, 3, 236707
What are the prime factors of 475177?
643, 739
What are the prime factors of 1171936?
2, 53, 691
List the prime factors of 1387227.
3, 462409
What are the prime factors of 370034?
2, 7, 26431
List the prime factors of 10607576.
2, 7, 189421
What are the prime factors of 583399?
239, 2441
List the prime factors of 2162733.
3, 29, 24859
What are the prime factors of 5446079?
43, 126653
What are the prime factors of 1528243?
1528243
List the prime factors of 439701.
3, 97, 1511
What are the prime factors of 134892?
2, 3, 1249
List the prime factors of 360342.
2, 3, 6673
What are the prime factors of 923625?
3, 5, 821
What are the prime factors of 401612?
2, 100403
What are the prime factors of 215384?
2, 13, 19, 109
List the prime factors of 8002963.
311, 25733
List the prime factors of 418244.
2, 104561
List the prime factors of 5631383.
5631383
List the prime factors of 210947.
11, 127, 151
List the prime factors of 2674980.
2, 3, 5, 7, 11, 193
List the prime factors of 59124.
2, 3, 13, 379
List the prime factors of 2582060.
2, 5, 13, 9931
List the prime factors of 797871.
3, 265957
What are the prime factors of 1173602?
2, 586801
What are the prime factors of 1444577?
29, 109, 457
What are the prime factors of 920565?
3, 5, 2273
List the prime factors of 10951576.
2, 643, 2129
What are the prime factors of 1771978?
2, 13, 17, 19, 211
List the prime factors of 134308.
2, 33577
What are the prime factors of 1671254?
2, 13, 64279
What are the prime factors of 394971?
3, 31, 137
What are the prime factors of 587680?
2, 5, 3673
What are the prime factors of 375537?
3, 151, 829
What are the prime factors of 483754?
2, 241877
List the prime factors of 19871333.
23, 157, 5503
List the prime factors of 745076.
2, 17, 10957
List the prime factors of 172126.
2, 89, 967
List the prime factors of 28675030.
2, 5, 2867503
What are the prime factors of 399519?
3, 14797
List the prime factors of 4646167.
4646167
What are the prime factors of 177921?
3, 53, 373
What are the prime factors of 2034887?
2034887
List the prime factors of 1153841.
13, 17, 23, 227
List the prime factors of 166638.
2, 3, 27773
List the prime factors of 21797.
71, 307
List the prime factors of 523481.
7, 17, 53, 83
List the prime factors of 1674930.
2, 3, 5, 31, 1801
List the prime factors of 5252779.
7, 17, 37, 1193
List the prime factors of 1205464.
2, 13, 67, 173
List the prime factors of 11668984.
2, 1458623
What are the prime factors of 197741?
197741
List the prime factors of 303973.
449, 677
What are the prime factors of 19589744?
2, 23, 53233
What are the prime factors of 271713?
3, 13, 6967
What are the prime factors of 820121?
71, 11551
What are the prime factors of 316536?
2, 3, 11, 109
What are the prime factors of 1317886?
2, 658943
What are the prime factors of 29664112?
2, 23, 149, 541
What are the prime factors of 38544621?
3, 53, 242419
What are the prime factors of 43814366?
2, 313, 69991
What are the prime factors of 3137370?
2, 3, 5, 104579
List the prime factors of 161352.
2, 3, 83
List the prime factors of 19518349.
241, 80989
List the prime factors of 669760.
2, 5, 7, 13, 23
List the prime factors of 698550.
2, 3, 5, 4657
List the prime factors of 581241.
3, 313, 619
List the prime factors of 3539052.
2, 3, 11, 331
What are the prime factors of 5664436?
2, 1416109
List the prime factors of 3610671.
3, 1203557
What are the prime factors of 512641?
512641
What are the prime factors of 16711?
17, 983
What are the prime factors of 2663235?
3, 5, 59183
What are the prime factors of 757902?
2, 3, 126317
List the prime factors of 1324055.
5, 264811
List the prime factors of 254259.
3, 43, 73
List the prime factors of 318335.
5, 63667
List the prime factors of 4274019.
3, 59, 2683
List the prime factors of 384090.
2, 3, 5, 7, 31, 59
List the prime factors of 1421584.
2, 23, 3863
What are the prime factors of 6072136?
2, 7, 29, 3739
What are the prime factors of 1422521?
1422521
What are the prime factors of 7430908?
2, 349, 5323
List the prime factors of 1205675.
5, 29, 1663
What are the prime factors of 14481943?
7, 17, 121697
List the prime factors of 99641.
37, 2693
List the prime factors of 1009997.
1009997
What are the prime factors of 29955?
3, 5, 1997
What are the prime factors of 3678984?
2, 3, 37, 1381
List the prime factors of 878734.
2, 439367
What are the prime factors of 1585594?
2, 792797
List the prime factors of 2423446.
2, 1211723
What are the prime factors of 3591895?
5, 718379
What are the prime factors of 6641482?
2, 71, 46771
What are the prime factors of 317666?
2, 29, 5477
List the prime factors of 386016.
2, 3, 4021
What are the prime factors of 10031289?
3, 23, 145381
What are the prime factors of 15258318?
2, 3, 179, 14207
What are the prime factors of 2623027?
11, 389, 613
List the prime factors of 457638.
2, 3, 89, 857
What are the prime factors of 28365?
3, 5, 31, 61
What are the prime factors of 302036?
2, 7, 23, 67
List the prime factors of 101325.
3, 5, 7, 193
What are the prime factors of 19984376?
2, 199, 12553
List the prime factors of 576130.
2, 5, 17, 3389
What are the prime factors of 8282331?
3, 102251
List the prime factors of 2106668.
2, 526667
List the prime factors of 1857467.
157, 11831
What are the prime factors of 540089?
11, 37, 1327
What are the prime factors of 1887732?
2, 3, 7, 11, 227
List the prime factors of 86926.
2, 7, 887
List the prime factors of 4265816.
2, 533227
What are the prime factors of 246467?
13, 18959
What are the prime factors of 107378?
2, 53, 1013
List the prime factors of 20029023.
3, 7, 317921
What are the prime factors of 5843594?
2, 173, 16889
What are the prime factors of 16594831?
11, 1508621
List the prime factors of 1148142.
2, 3, 61, 3137
List the prime factors of 4476937.
83, 53939
List the prime factors of 45488568.
2, 3, 1895357
List the prime factors of 232736.
2, 7, 1039
What are the prime factors of 1692801?
3, 11, 17099
What are the prime factors of 251336?
2, 89, 353
List the prime factors of 19495.
5, 7, 557
List the prime factors of 12906475.
5, 601, 859
List the prime factors of 2749026.
2, 3, 7, 29, 37, 61
What are the prime factors of 1029521?
1029521
List the prime factors of 16